0 (base 2) to base 15
-338
Convert 1487 (base 10) to base 3.
2001002
What is 5891 (base 14) in base 12?
8b07
-7680 (base 10) to base 16
-1e00
Convert 1010101 (base 2) to base 10.
85
What is -2321 (base 10) in base 14?
-bbb
Convert 11012131 (base 4) to base 12.
10111
102320320 (base 4) to base 16
12e38
Convert -a79 (base 11) to base 14.
-688
Convert 352 (base 14) to base 16.
294
What is -be7 (base 15) in base 10?
-2692
-3220100 (base 4) to base 14
-55ba
-100110110000 (base 2) to base 14
-c92
Convert -343 (base 9) to base 7.
-552
-989 (base 10) to base 4
-33131
What is -12023 (base 4) in base 10?
-395
Convert -513 (base 16) to base 3.
-1210010
What is 1001101000 (base 2) in base 5?
4431
Convert 7 (base 12) to base 16.
7
What is 1100 (base 8) in base 13?
354
Convert -a6 (base 13) to base 6.
-344
What is -116510 (base 9) in base 2?
-10001001011111110
2101002 (base 3) to base 9
2332
21332 (base 7) to base 2
1010011000011
What is 10210 (base 6) in base 15?
619
What is 5128 (base 12) in base 11?
6695
What is 1a24 (base 16) in base 11?
5034
-9093 (base 11) to base 14
-458d
Convert 60ab (base 12) to base 15.
319e
324 (base 7) to base 12
119
Convert -9a2 (base 14) to base 9.
-2547
Convert 11120133 (base 4) to base 9.
33216
Convert 12142 (base 9) to base 11.
6129
Convert 8248 (base 10) to base 11.
6219
Convert 11101222 (base 4) to base 7.
120001
-551 (base 11) to base 14
-353
-20103 (base 4) to base 5
-4111
620 (base 12) to base 14
476
-112122211 (base 3) to base 10
-10687
-314005 (base 6) to base 10
-25493
What is 5786 (base 10) in base 4?
1122122
What is 21244 (base 5) in base 3?
1222200
What is 13112 (base 5) in base 9?
1366
What is 8123 (base 12) in base 7?
55542
101515 (base 7) to base 11
12095
-60 (base 15) to base 7
-156
Convert -5bed (base 15) to base 9.
-28757
What is 9ce (base 15) in base 3?
10001012
Convert -20232 (base 4) to base 2.
-1000101110
Convert -646 (base 13) to base 6.
-4544
What is 17675 (base 8) in base 14?
2d65
-11984 (base 10) to base 4
-2323100
Convert -101111100101000 (base 2) to base 6.
-304440
What is 27d (base 14) in base 12?
35b
-5b (base 12) to base 4
-1013
What is -10004 (base 6) in base 10?
-1300
Convert 9605 (base 13) to base 6.
240132
-1101000001010110 (base 2) to base 6
-1050530
Convert 523 (base 16) to base 6.
10031
Convert -535 (base 14) to base 12.
-717
120000 (base 6) to base 16
2880
What is 1116 (base 12) in base 3?
2121000
4161 (base 8) to base 16
871
What is 688 (base 9) in base 16?
236
222120 (base 3) to base 13
432
Convert 102110 (base 4) to base 6.
5232
7654 (base 10) to base 5
221104
What is -14049 (base 10) in base 6?
-145013
-5222 (base 8) to base 12
-1696
Convert -222 (base 4) to base 12.
-36
Convert 3510 (base 7) to base 15.
5a6
What is -14331 (base 9) in base 2?
-10011000010100
What is 945 (base 13) in base 9?
2143
-13fc (base 16) to base 6
-35404
Convert -427 (base 11) to base 14.
-289
11011110 (base 2) to base 12
166
Convert -5262 (base 10) to base 7.
-21225
Convert -23356 (base 7) to base 2.
-1011110000011
5894 (base 11) to base 3
101121011
Convert -aaa2 (base 13) to base 2.
-101110011110000
Convert 367 (base 11) to base 2.
110110100
Convert 45761 (base 10) to base 11.
31421
What is 637 (base 9) in base 6?
2224
-60479 (base 10) to base 4
-32300333
-147 (base 15) to base 12
-204
374 (base 12) to base 15
24a
Convert 3214 (base 8) to base 2.
11010001100
-9a6 (base 14) to base 10
-1910
Convert -8711 (base 11) to base 12.
-67ab
What is 137144 (base 9) in base 13?
2c2a2
Convert -113132 (base 5) to base 2.
-1000001000111
What is 1590 (base 11) in base 4?
133303
What is 431 (base 7) in base 13?
13a
751 (base 12) to base 16
42d
Convert 1944 (base 16) to base 13.
2c37
What is 1455 (base 9) in base 13?
66b
What is be3 (base 15) in base 10?
2688
-1221 (base 4) to base 5
-410
101456 (base 7) to base 10
17387
What is 33103 (base 4) in base 3?
1100021
Convert -22331 (base 7) to base 5.
-140112
What is -1512 (base 10) in base 4?
-113220
Convert -32200 (base 8) to base 11.
-a109
185 (base 9) to base 4
2132
What is -46322 (base 8) in base 3?
-222222101
What is 1484 (base 13) in base 8?
5645
What is 12850 (base 9) in base 11?
6600
Convert -4063 (base 8) to base 4.
-200303
-100100111 (base 2) to base 7
-601
What is 150 (base 7) in base 5?
314
Convert 40576 (base 9) to base 4.
12201132
What is 3098 (base 13) in base 9?
10182
Convert -1331320 (base 4) to base 14.
-2d16
What is 1036 (base 8) in base 15?
262
1011001100 (base 2) to base 4
23030
Convert 147b (base 12) to base 4.
211133
-2264 (base 7) to base 4
-30332
139c0 (base 14) to base 3
2110122021
-22300002 (base 4) to base 11
-300a1
-202200 (base 4) to base 9
-3023
1781 (base 11) to base 4
203123
What is 12d23 (base 15) in base 9?
101676
What is 46146 (base 7) in base 6?
130213
Convert -1344334 (base 5) to base 10.
-28094
What is 9873 (base 14) in base 5?
1320430
31122 (base 4) to base 5
11413
Convert -12341 (base 5) to base 4.
-33023
-4130 (base 5) to base 10
-540
What is 132a3 (base 13) in base 8?
105447
What is -1031311 (base 4) in base 3?
-20211111
Convert -3745 (base 8) to base 3.
-2202212
317 (base 8) to base 3
21200
1001111202 (base 3) to base 13
95c9
Convert 650 (base 11) to base 16.
30d
What is -487d (base 15) in base 8?
-36072
Convert 8a (base 13) to base 6.
310
Convert 8a61 (base 11) to base 7.
46524
2c78 (base 16) to base 2
10110001111000
What is -110101010101 (base 2) in base 7?
-12644
What is -4816 (base 9) in base 7?
-13302
What is -21525 (base 7) in base 2?
-1010100100001
-9ba2 (base 13) to base 5
-1144024
1303100 (base 6) to base 3
10120221100
-a452 (base 11) to base 3
-201000000
What is 33c (base 15) in base 2?
1011011100
What is 113054 (base 6) in base 16?
261a
Convert 101101111100 (base 2) to base 13.
1452
Convert -102333221 (base 4) to base 6.
-1400105
Convert -1000011010 (base 2) to base 10.
-538
What is -12122 (base 5) in base 13?
-552
Convert -475 (base 9) to base 13.
-242
What is -1266a (base 12) in base 14?
-9238
-1110100101010 (base 2) to base 9
-11215
What is -41354 (base 6) in base 11?
-4189
What is -1307 (base 11) in base 13?
-a0b
caa (base 13) to base 8
4170
Convert ab7 (base 14) to base 8.
4111
Convert 607 (base 11) to base 8.
1335
-19e8 (base 15) to base 11
-4248
14124 (base 6) to base 14
b40
What is 1201102 (base 3) in base 8?
2345
4ddc (base 14) to base 10
13718
What is -468 (base 14) in base 10?
-876
1110100100 (base 2) to base 6
4152
-101110100000100 (base 2) to base 5
-1230222
1011111111101 (base 2) to base 14
2349
2520 (base 8) to base 10
1360
What is 1202010210 (base 3) in base 16?
863d
-120 (base 10) to base 3
-11110
4ba2 (base 12) to base 13
3bcc
33cd (base 16) to base 12
7811
0 (base 16) to base 6
0
Convert -a71 (base 14) to base 2.
-100000001011
Convert 14303 (base 5) to base 11.
9a4
What is 6c8 (base 16) in base 5?
23421
Convert -5045 (base 6) to base 16.
-455
673 (base 11) to base 6
3422
222110 (base 3) to base 7
2040
Convert 30440 (base 7) to base 9.
11162
What is 3281 (base 10) in base 9?
4445
Convert -353 (base 8) to base 12.
-177
What is -51021 (base 6) in base 3?
-100012111
What is 16bc (base 16) in base 8?
13274
Convert -c09 (base 15) to base 11.
-2043
-2422 (base 6) to base 5
-4330
What is -222010120 (base 3) in base 9?
-28116
Convert 145d (base 14) to base 6.
24415
-1268 (base 16) to base 11
-35a4
11101100101 (base 2) to base 9
2533
-505 (base 8) to base 15
-16a
Convert 100010011100011 (base 2) to base 15.
535a
-21933 (base 11) to base 4
-13233322
Convert 326 (base 8) to base 2.
11010110
What is 20022 (base 3) in base 15?
b5
-10010110 (base 4) to base 13
-7777
Convert 11100001100110 (base 2) to base 15.
4428
What is 101255 (base 7) in base 4?
10032020
What is 14b65 (base 13) in base 7?
222360
Convert -494 (base 13) to base 9.
-1075
What is -1d36 (base 15) in base 10?
-6351
What is -1333302 (base 4) in base 2?
-1111111110010
83 (base 10) to base 14
5d
What is -e3 (base 16) in base 4?
-3203
-48e (base 16) to base 7
-3254
What is -3130010 (base 4) in base 8?
-33404
What is -225 (base 6) in base 7?
-155
What is 112020 (base 4) in base 15?
646
Convert 124135 (base 8) to base 15.
cb86
What is -120222 (base 3) in base 12?
-2bb
Convert -43 (base 6) to base 2.
-11011
101220 (base 3) to base 14
170
-1000000000111 (base 